2. Let z(k) = 9*k + 12. What is the units digit of z(j)?
2
Suppose 0 = 5*q + 3*x - 43251, 2*x - 2568 = -2*q + 14734. What is the tens digit of q?
4
Suppose 3*u + 2*b = -37, 10*u = 5*u - 2*b - 63. What is the tens digit of 16/104 - ((-45184)/u)/(-2)?
3
What is the ten thousands digit of (-6)/(-57) + (-147755254)/(-2831)?
5
Let l be 9/3 - (-3 + (0 - -2)). Suppose -t = -l*s + t - 138, 4*t + 4 = 0. What is the hundreds digit of (-1147)/(-5) - (-14)/s?
2
Suppose 3*c + 8*t - 67835 = 0, 52*c - 47*c = 4*t + 112937. What is the thousands digit of c?
2
Let r(v) = -3*v**3 - 25*v**2 + 13*v + 264. What is the units digit of r(-10)?
4
Suppose 9*k + 7488 = 37*k - 62736. What is the hundreds digit of k?
5
Let k(m) = -6*m - 36. Let l = 44 - 40. Let i(y) = -19*y - 108. Let c(v) = l*i(v) - 11*k(v). What is the units digit of c(-15)?
4
Suppose -22 = -5*v - 3*t, -t + 16 = 4*v + 4. Let l be v/(2 - 0) - (-11 + -167). Let h = 281 - l. What is the tens digit of h?
0
Let p(s) be the first derivative of 186*s - 1/3*s**3 + 30 - 5/2*s**2. What is the tens digit of p(0)?
8
Let k = -3627 - -13901. What is the units digit of k?
4
Suppose 0 = -s + 6*s + 245. Let u = -31 + s. What is the hundreds digit of (-8410)/u - 2/16?
1
Suppose v = -3*n - 166, 0*v = 3*v - 15. Let z(w) = -12*w - 8. Let j be z(6). Let i = n - j. What is the tens digit of i?
2
Let b(n) = 5*n**2 + 2. Let c be b(5). Let r be (5 + (0 - (-17)/(-7)))*7. What is the units digit of r/(-24) + c/4?
1
Let i = 147 + -140. Suppose -d = i*d - 3192. What is the hundreds digit of d?
3
Let p = -304 + 188. Let i = p + 424. Suppose 0*v + i = 4*w - 4*v, 2*v + 78 = w. What is the tens digit of w?
7
Let j = -579 + 576. What is the hundreds digit of (-2 - -296) + (j - (-10)/2)?
2
Let w be (-2)/16*-4*8. Suppose 0 = w*z - 3*z + 2. What is the tens digit of 378/6 + 4 + z?
6
Let o(l) = -133*l - 12. Let v(c) = 267*c + 23. Let h(u) = -7*o(u) - 4*v(u). What is the hundreds digit of h(-1)?
1
Suppose -39*i = -30*i - 69446 + 16310. What is the hundreds digit of i?
9
Let u = 200 - 185. Suppose -u*x = 9*x - 26208. What is the thousands digit of x?
1
Let m = -2625 + 3618. What is the hundreds digit of m?
9
Suppose -x + 5*f = 20, 2*f - 6*f = -x - 15. Let n(s) = 139*s - 25. What is the hundreds digit of n(x)?
6
Let x(l) be the first derivative of -24*l + 1 + 11/2*l**2. What is the tens digit of x(6)?
4
Suppose -2*r - 251729 = -61*r + 152834. What is the tens digit of r?
5
Let x(g) = -5*g**3 + 16*g**2 - 62*g - 183. What is the ten thousands digit of x(-20)?
4
Let b = 10 - 28. Let m = 37 + b. Suppose -17*r = -m*r + 144. What is the units digit of r?
2
Suppose 2*f - 23912 = -2*l, -f + 5*l + 7312 + 4674 = 0. What is the thousands digit of f?
1
Let u be -11 + 10 - ((-48)/2 + 2). Suppose -4013 = -3*h - j, -h - 4*j - u + 1344 = 0. What is the thousands digit of h?
1
Let g(v) = -v**2 + 19*v + 68. Let a be g(22). Suppose a*u - 6 = 0, 5*u + 531 + 597 = 3*i. What is the tens digit of i?
8
Suppose -10*w - 2838 = 682. What is the tens digit of (-330572)/w - 2/16?
3
Let v(k) = -3*k**2 - 10*k - 3. Let m be v(-3). Suppose 4*n + 5*b - 68 = m, 41 = 5*n - b - 15. Let h = 56 - n. What is the tens digit of h?
4
Suppose 38 + 28 = -22*y. What is the tens digit of -1 + y - (-809 + -1 + 1)?
0
Let v be (-1)/(2/24*3) + 9. Suppose v*h = 5*r + 2510, 3*r = -0*r - 15. What is the hundreds digit of h?
4
Suppose -1222769 = -36*d - 247925. What is the units digit of d?
9
Let y(i) = -251*i**3 + 21*i**2 + 79*i + 35. What is the tens digit of y(-4)?
1
What is the units digit of -8 + 6342 + -1 + -1 + -1?
1
Suppose -16 = -15*t - t. Suppose -t = -f - 5*p, 2*f - 18 = p + 17. What is the tens digit of f?
1
Let h = 3546 + -1512. What is the thousands digit of h?
2
Let h(l) = -2946*l + 8195. What is the units digit of h(-11)?
1
Let i be (3/45*5)/((-1)/(-15)). Suppose -i*y - 264 = -9. Let f = 93 + y. What is the tens digit of f?
4
Let y = 39 - 104. Let h = y - -68. Suppose -381 = -4*r - 0*a + h*a, -4*r + 411 = 3*a. What is the units digit of r?
9
Let m(c) = -3*c**3 + 3*c**2 + 8*c - 15. Let u be m(5). Let g = -110 - u. What is the tens digit of g?
6
Let k be 1*3 + -4 + 1 + -13. What is the tens digit of (22/5)/(k/((-390)/4))?
3
Let m be (5 - 1)/(0 - (-18)/(-8361)). Let g = -885 - m. What is the hundreds digit of g?
9
Let v(m) = -74 - m - 16 + 25*m - 36 - 21. What is the tens digit of v(39)?
8
Suppose -2*c - 21967 = -3*o, 3*c = -o - 417 + 7710. What is the thousands digit of o?
7
Suppose 0 = -3*b - 4*u + 19, 3*u = 5*b - u - 21. Suppose b*q - 70 + 20 = 0. Let c = 39 - q. What is the units digit of c?
9
Let x = 1448 + -759. What is the units digit of x?
9
Let y = 68 - 297. What is the hundreds digit of (-48)/(-8) - (y - -2)?
2
What is the tens digit of ((-3)/(-42) - (-1287)/(-378))*(-17367)/2?
4
Let y(s) = 7*s**2 - 9*s. Let q be y(6). Suppose 4*c - c = 1134. Suppose 6*v - q - c = 0. What is the tens digit of v?
9
Let n(i) = -1015*i**3 - 10*i**2 - 21*i - 6. What is the thousands digit of n(-2)?
8
Suppose 1570 = -3*w + 487. Let u = 371 + w. What is the tens digit of u?
1
Let z(q) be the first derivative of 34*q**2 - q - 1. Suppose -6 = -2*i - 4. What is the tens digit of z(i)?
6
Let b(y) = 3*y**2 - 2*y**2 - 2*y**2 + 5*y - 1 - 3 + 61*y**3. Let s = -2096 - -2097. What is the tens digit of b(s)?
6
Suppose -4*r - 3*f = -8257, -3*f = -50*r + 46*r + 8263. What is the thousands digit of r?
2
Let s = 778 + -387. Suppose -s*x + 386*x = -1175. What is the units digit of x?
5
Suppose 2*z = 3*r - 14756, -4*r + 3*z + 4907 = -3*r. What is the tens digit of r?
2
Suppose 3*x + 0*x = 2*r - 3567, -5*r = 4*x - 8883. Suppose 0 = -17*q + 20*q - r. What is the tens digit of q?
9
Suppose 11*u - 20 = 6*u. Suppose u*n - 92 = -4*t + 76, 126 = 3*n + t. What is the tens digit of (-7)/(n/(-486))*1?
8
Let k(o) = -136*o**2 + 2*o + 3 + 424*o**2 - 4. What is the hundreds digit of k(1)?
2
Suppose -32*a - 1423 = -5135. Let y = a + 161. What is the hundreds digit of y?
2
Let w(c) = 2*c**3 + 6*c**2 - 10*c - 14. Let s be w(-5). Let d = s + 77. What is the units digit of d?
3
Suppose 2*g + 22 = b, 0*g + 43 = 2*b - 3*g. Suppose 5*c - b = -0*c. Suppose r - c*d = 142, 2*d = -4*r + 300 + 250. What is the units digit of r?
8
Suppose -296184 = -70*y + 60816. What is the tens digit of y?
0
Suppose -3*f - f = -4*w + 2104, 4*f + 1052 = 2*w. Suppose -3*j = -6*c + 8*c - 26, 0 = -2*c + 4*j + 40. What is the tens digit of w/c + (-3)/(-24)?
3
Suppose 3*g = -g - 784. Let r = -744 + 1027. Let x = r + g. What is the units digit of x?
7
Suppose -3*g + 61 = -5*i, -i - 19 = -2*g - 4. Let u be 3/(6/4)*(i - -8). What is the hundreds digit of u/(-15) - 6498/(-30)?
2
Let o = 94181 - 66516. What is the ten thousands digit of o?
2
Let f(l) = -l**3 + 19*l**2 - 77*l - 11. Let h be f(13). Let t = 440 + h. What is the units digit of t?
2
Let y = -443 + 130. Let z = y + 1085. What is the tens digit of z?
7
Let l = -3983 - -2691. What is the tens digit of (8/(-28) - 0) + l/(-14)?
9
Suppose 78 = a + 83. Let v(c) = -79*c + 8. Let o be v(a). Suppose 0 = 3*z - 5*s - o, 543 = -0*z + 4*z - s. What is the tens digit of z?
3
Let s = 5782 - 585. What is the thousands digit of s?
5
What is the thousands digit of (-3)/(1 + -3 + (-1)/((-10697)/21391))?
0
Let n = 20835 + -12379. What is the hundreds digit of n?
4
Suppose 0 = 3*i - 4*h - 1070, -4*i - 5*h + 944 = -431. Let o = 626 - i. What is the hundreds digit of o?
2
Suppose -5*i - 2*v - 2*v + 8 = 0, -2*i + 2*v = 4. Suppose -16*k + 17*k - 468 = i. What is the units digit of k?
8
Let g = -24082 - -43880. What is the units digit of g?
8
Suppose 0 = -2*d - 21*d + 347675 + 566621. What is the ten thousands digit of d?
3
Let o = 126 - 91. What is the tens digit of (-84)/o*320/(-12)?
6
Suppose -3*w + 168 = -2*q, w = -0*q + 3*q + 56. Let j = w + -52. Suppose 0 = 4*l + 8, -j*a + 145 = a + 5*l. What is the units digit of a?
1
Let s = 1291 + 2800. What is the thousands digit of s?
4
Suppose v + 1726 = x - 3001, -3*v = 5*x - 23611. What is the hundreds digit of x?
7
Suppose 516 = -15*c + 19*c. Let s = c - -33. What is the units digit of s?
2
Let k be 1 - (2 + -6) - (48 + -48). Suppose -5*q - 5*a + 377 = -5463, -2*q - k*a + 2336 = 0. What is the hundreds digit of q?
1
What is the tens digit of (-11840)/96*(-3 - (-324)/(-20))?
6
Let 